erivative of -z**6/120 - z**5/30 - z**4/12 + z**3/3 - 13*z**2. Let m be (-82)/(-3)*(15 + 0)/5. Let a = m + -84. Determine q(a).
6
Suppose 0 = -2*l + 4*l + 6, -l + 32 = -5*z. Suppose 11 = 3*r - 5*t, t - 4 = -3*r + 1. Let s(i) = -20*i**2 - 10*i + 2 + 4*i + 14*i**r + 5*i**2. Calculate s(z).
-5
Let v = 41 + -33. Let x(y) be the second derivative of -y**3/6 + 10*y**2 - 39*y + 14. Determine x(v).
12
Let h(v) = v**3 + v**2 - 2*v - 3. Let l(x) = -22*x**2 + 176*x - 1. Let s be l(8). Calculate h(s).
-1
Let i be 132/24 - (-1)/(-2). Let s(k) = k**2 - 5*k - 2. Let o be s(i). Let u(q) be the second derivative of -2*q**3/3 - q**2/2 - 2*q + 3. Give u(o).
7
Let y(b) = -68*b - 456. Let d(q) = 13*q + 88. Let r(c) = -16*d(c) - 3*y(c). What is r(-11)?
4
Let n(f) = 62*f - 9. Let j be n(5). Let w(t) = 2 - 300*t**2 + j*t**2 - 6. Let b(u) = -5*u**2 + 16. Let r(y) = 2*b(y) + 9*w(y). What is r(0)?
-4
Let g(x) = x**2 + 2*x. Let h(f) = -4*f - 1 + 11*f - 9*f. Let m(t) = -g(t) - 4*h(t). Let c be 2 + (1 - (-3 + -1)). Determine m(c).
-3
Let n(t) = 2*t - 48. Let r = -3313 + 3341. Calculate n(r).
8
Let d(o) = -o + 1. Let c(n) = 3*n - 1. Let r = -47 - -51. Let h(j) = r*d(j) + c(j). Give h(0).
3
Let k(j) be the first derivative of -11*j**2/2 + 67*j - 651. Give k(6).
1
Let a(s) = -s**2 + 9*s - 7. Suppose -11 + 23 = 2*b. Let j(q) = -5 + q**2 - 32 + 7. Let n be j(b). Determine a(n).
11
Let w(g) = -g**3 - 29*g**2 + g - 9. Suppose -2*y + 279 = 5*o + 424, -5*o - y = 145. What is w(o)?
-38
Let i(a) = 4*a**2 - a. Let d(r) = -r**3 + 10*r**2 + r - 8. Let h be ((-33)/99)/(2/(-60)). Let f be d(h). Give i(f).
14
Let q(f) = -5*f**3 - 27*f**2 - 20*f + 30. Let m(w) = 6*w**3 + 28*w**2 + 23*w - 31. Let n(p) = 6*m(p) + 7*q(p). Determine n(21).
-18
Let v(x) = -2*x**2 + 1551*x - 4. Let d be v(0). Let y(t) be the first derivative of -3*t**2/2 - 6*t - 2. Give y(d).
6
Let w(c) be the second derivative of -5*c**3/6 + 15*c**2/2 + 4*c. Suppose 3*h - 41 + 50 = 2*g, -1 = -h. Calculate w(g).
-15
Suppose -125*h + 128*h = -15. Let z be h/((-30)/8)*-3. Let b(c) = -c**2 - 4*c - 6. Determine b(z).
-6
Let b(j) = j**3 + 2*j**2 + 2*j - 3. Suppose -5*o = -2*d + 8, 2*d - 4*o - 10 - 2 = 0. Let f = d + -17. What is b(f)?
-18
Let q be 2/(-4)*2*3. Let i(u) = 0 + 2 - 2*u + 7*u**2 + u - 1 + 0*u. Let g(l) = 17*l**2 - 3*l + 2. Let v(c) = -2*g(c) + 5*i(c). Give v(q).
7
Let s(c) = -c**2 + 29*c - 48. Let o be (-756)/56*((-1)/3)/((-1)/(-6)). Give s(o).
6
Suppose 3*u - 9 = -2*c, 199 - 164 = 5*c - 5*u. Let j(x) = -x**2 + 4*x + 17. Give j(c).
5
Let x(d) = 9*d + 6. Let r = -172 - -124. Let t be (-33)/6 + (-6)/r*4. Determine x(t).
-39
Let h(d) = -15*d + 65. Suppose 2*m = 10*g - 14*g + 18, -4 = -4*m. Give h(g).
5
Let b(d) = 54*d**3 + 2*d**2 - 3. Let z(p) = -41*p**3 - 2*p**2 + 2. Let k(y) = 3*b(y) + 4*z(y). Determine k(-2).
7
Let m(b) = 2*b + 4*b - 3*b + 8 + 2*b - 36. Give m(4).
-8
Let j(i) = -3*i**2 + 7*i + 5. Let t be j(-1). Let k(z) = z**2 + 6*z + 5. Let q be k(t). Let d(b) = -8 - b**2 + b - 8 - 5 + 25. What is d(q)?
4
Let f = 2975 + -2985. Let b(a) = -a**2 - 8*a + 18. What is b(f)?
-2
Let d(s) = s**2 + 5*s - 21. Suppose -3*w - 31 = t, -5*t - 18 = -5*w - 23. Give d(w).
3
Let p = -21 + 70. Suppose -50*s = -p*s - 20. Let u be (2/5 - (-172)/s) + 2. Let g(y) = y**3 - 12*y**2 + 11*y + 1. What is g(u)?
1
Let o(m) = m - 9. Let y(h) be the third derivative of h**4/8 - 17*h**3/6 + 47*h**2. Let l(f) = -5*o(f) + 2*y(f). Give l(-8).
3
Let w(z) be the first derivative of z**2/2 - 4*z - 4. Let i(n) = 4*n - 9. Let f be i(7). Let h(a) = -2*a + 46. Let o be h(f). Calculate w(o).
4
Let y(c) be the third derivative of 0 + 0*c - 1/3*c**3 + 1/12*c**4 - 42*c**2. Calculate y(6).
10
Let u(d) = -d**2 + 12*d - 8. Let b = -140 - -142. Suppose 18 = b*i - n, i = 2*i - n - 10. Calculate u(i).
24
Let c(k) = -k - 3. Let v be c(6). Let z be 8/36 - 43/v. Let l(p) = z*p - 2*p + 552 - 555. Determine l(3).
6
Let i(n) be the third derivative of n**5/20 + 7*n**4/24 + 89*n**3/3 - 2*n**2 - 49*n. Let b(o) be the first derivative of i(o). What is b(-6)?
-29
Let x(f) = f**2 + 6*f - 1671. Let w be x(38). Let o(u) = -u + 8. What is o(w)?
7
Let r(h) = -304*h**3 + 11*h - 5 - 302*h**3 + 0*h**2 + 605*h**3 - 18*h + 6*h**2. Determine r(4).
-1
Let j(m) = m**3 - 36*m**2 + 6*m + 9. Let n(q) = -3*q**3 + 103*q**2 - 17*q - 27. Let g(c) = 17*j(c) + 6*n(c). Give g(7).
-58
Let l = 41 + -26. Suppose 0 = -6*b - 3 - l. Let i(c) = -4*c**2 - 8. Let k(o) = -11*o**2 - 23. Let q(a) = b*k(a) + 8*i(a). Calculate q(0).
5
Let a(m) = -m**3 - 7*m**2 + 9. Suppose 0 = 3*n - 13 + 4. Suppose 6 = -4*s - n*f, 3*s - 4*f + 10 = -9*f. Let z be s - (2 - 1)/(2/14). Give a(z).
9
Let f(s) = 2*s**2 - 2 - 2*s - 2*s + 0*s**2. Suppose 2134 + 2168 - 4258 = 14*w - 3*w. What is f(w)?
14
Let d(o) = -9*o. Let t(i) = -i - 6. Let q(r) = r**3 - 7*r**2 - 7*r - 8. Let f be q(8). Let y be t(f). Let c be (1 + 0 + 1)*y/12. Determine d(c).
9
Let p(v) = v**3 - 27*v**2 + 21*v + 136. Suppose 4*d + 2*u - 104 = 0, 2*d = 7*d + 2*u - 130. Let c be p(d). Let w(i) = i + 8. What is w(c)?
14
Let g = 9/95 - -77/190. Let i(j) be the third derivative of 7/3*j**3 + 0*j + g*j**4 + 1/120*j**6 + 0 + 11/60*j**5 + 12*j**2. Determine i(-10).
-6
Let x be (9/(27/(-6)))/((-8)/(-20)). Let t be (-5 - x)/(1/(-1) - 1). Let u(n) = -n**2 + 21. Calculate u(t).
21
Let c(k) be the second derivative of -k**5/120 - 3*k**4/4 + k**3/2 - 3*k**2/2 + 9*k - 1. Let h(s) be the second derivative of c(s). Calculate h(-13).
-5
Let w(h) = 6*h + 7 + 2 - h - 2 - h**2. Suppose -70 = -5*j + 4*t, 0*t - 2*t + 10 = 2*j. Let z = j - 5. Give w(z).
7
Let m(x) = -3 + 13*x - 5*x + 4. Suppose -24*a + 13340 = -a. Suppose -587 = 7*u - a. Calculate m(u).
-7
Suppose 5*n = -f - 26, -5*n - 12 + 0 = -13*f. Let z(l) = l**2 - 6*l + 3. Calculate z(n).
58
Let f(l) = 3625 + 8*l - 7243 - 4*l**2 + l**3 - 3*l**2 + 3616. Let g be (-11)/(-2) + 4/8. Give f(g).
10
Let i be (135/(-20))/((-4)/(-32)). Let t be ((-2)/6)/((-2)/i). Let o(j) = -j**3 - 9*j**2 + 7. Let u be o(t). Let d(y) = y**2 - 8*y + 10. Give d(u).
3
Let a = 27668 - 27672. Let w(q) = q**3 + 5*q**2 - 19. What is w(a)?
-3
Let w(z) = z**3 - 19*z**2 + 18*z + 9. Let r(d) = d**2 + 163*d + 1968. Let f be r(-150). What is w(f)?
9
Let p be 37/5 - (-4)/(-10). Let r(y) = -24*y**3 - 7*y**2 + 7*y + 25. Let x(g) = 17*g**3 + 6*g**2 - 5*g - 17. Let c(u) = 5*r(u) + 7*x(u). Give c(p).
6
Suppose 2 = 2*t - 2*i - 20, -4*t + 2*i + 40 = 0. Let h(q) = t*q**3 - q - 7*q**2 + 20*q**2 - 13*q**2. Give h(1).
8
Let l(t) be the third derivative of -11*t**4/8 + 31*t**3/3 - t**2 - 804*t - 2. Calculate l(2).
-4
Let q(k) = 36 - 148*k + 14 + 298*k - 146*k. What is q(-9)?
14
Let s(b) be the first derivative of 5*b**4/4 - 4*b**3/3 + 4*b**2 - b + 85. Let y(u) = -11*u**3 + 8*u**2 - 17*u + 2. Let j(z) = 9*s(z) + 4*y(z). What is j(3)?
2
Let h(t) = 4*t + 1. Let g(b) = -8*b - 2. Let f(l) = -6*g(l) - 11*h(l). Let y(c) = -3861*c - 19305. Let m be y(-5). Give f(m).
1
Let z(a) be the second derivative of a**8/6720 - 13*a**7/2520 - a**6/720 + a**5/24 - 10*a**4 - 2*a + 44. Let i(x) be the third derivative of z(x). Give i(13).
-8
Let j(c) be the second derivative of c**4/12 - c**3/6 - 17*c**2/2 + 1188*c. Give j(0).
-17
Suppose 1166*s - 896*s + 810 = 0. Let h(c) = -17*c. Let u(n) = -2*n. Let y = 21 - 39. Let o(p) = y*u(p) + 2*h(p). Calculate o(s).
-6
Suppose -15*b + 2*b - 10*b = 0. Let l(u) = 9*u + 17. Calculate l(b).
17
Let i(m) be the third derivative of m**5/15 + m**4/12 - m**3/6 - 3*m**2. Let q(v) = v**2 - 5 + 0 - v - 1 + 5. Let b(x) = i(x) - 3*q(x). Calculate b(-6).
8
Let b(f) = 4*f**2 + 35*f + 38. Let x(a) = -7*a**2 - 67*a - 77. Let k(q) = -5*b(q) - 3*x(q). Calculate k(-24).
-7
Let g(u) be the third derivative of u**6/120 - u**5/6 + 5*u**4/24 - u**3/3 - 335*u**2. Determine g(9).
-38
Let p(d) = 45*d + 14. Let h be p(1). Suppose 0 = 9*t + 23 - h. Let g(k) = 2*k - 3. What is g(t)?
5
Let f(m) = -m**3 - 4*m**2 + 31*m + 133. Let s be f(-5). Let t(j) = 10*j - 5*j + j**2 - 4*j - 1. Determine t(s).
11
Let p(m) = 17*m**2 - 2*m - 1. Let a be (-1)/(-6) + ((-380)/(-24) - 3). Let q = 120 - 120. Suppose -a*v + q - 13 = 0. Determine p(v).
18
Let o(p) = -976 + 33*p + 1001 - 36*p. What is o(3)?
16
Let v(f) = -f**3 + 7*f**2 - 5*f - 6. Suppose -2*k = -89 + 77. Suppose -k*w = -3*w - 18. Calculate v(w).
0
Let p(v) = 